y**2 + 6*y + 5. Determine k(-4).
-3
Let n(s) = -23*s - 8. What is n(-2)?
38
Let w(f) = -3*f + 3. Determine w(-5).
18
Let l(b) = -5*b - 41. Calculate l(-9).
4
Let j(n) = 5*n**3 - n**2 + 1. What is j(-1)?
-5
Let i(c) = c**3 - c**2 - 3*c + 10. Determine i(0).
10
Let v(c) = -c**3 - 6*c**2 + 15*c + 5. Determine v(-6).
-85
Let t(s) = -5*s - 27. Determine t(-6).
3
Let r(l) = 10*l + 13. Give r(0).
13
Let h(t) = -3*t**2 + 3. Determine h(-2).
-9
Let p(a) = a**2 - 10*a - 8. Give p(11).
3
Let s(x) = -x**2 - 57*x - 216. Give s(-53).
-4
Let b(k) = 6*k + 9. Give b(-4).
-15
Let v(m) = 25*m + 15. Give v(-6).
-135
Let w(v) = 2*v - 56. Calculate w(20).
-16
Let l(w) = w**3 - 12*w**2 + 16*w + 43. Determine l(10).
3
Let b(y) = -y**2 + 11*y + 139. What is b(18)?
13
Let n(b) = -2*b**2 - 19*b - 4. Give n(-9).
5
Let k(t) = -10*t**2 - t. What is k(1)?
-11
Let p(l) = l**2 + 7*l. Calculate p(-7).
0
Let z(g) = g**2 - 20*g + 80. Determine z(6).
-4
Let x(s) = s**3 - 4*s**2 - 4*s - 13. Give x(5).
-8
Let r(y) = 4*y**2 + 3*y - 90. What is r(-5)?
-5
Let l(g) = -41*g + 446. Calculate l(11).
-5
Let d(y) = -y**2 + y + 5. Determine d(4).
-7
Let w(c) = -c**2 + 12*c - 12. Determine w(12).
-12
Let b(p) = -p**2 + 4*p - 7. Give b(6).
-19
Let u(c) = -c**3 - 19*c**2 + 33. Give u(-19).
33
Let q(m) = 2*m**2 - 35*m - 17. What is q(18)?
1
Let n(x) = x**2 - x + 11. Calculate n(0).
11
Let j(n) = -n**3 - 56*n**2 + 58*n + 51. What is j(-57)?
-6
Let k(g) = -g**2 + 7*g - 8. What is k(1)?
-2
Let r(y) = y**2 - 3*y - 10. Determine r(0).
-10
Let g(p) = -31*p + 150. What is g(5)?
-5
Let o(y) = -y**3 + 11*y**2 + 30*y - 52. What is o(13)?
0
Let g(n) = -6*n - 49. What is g(-5)?
-19
Let g(u) = u**3 - u**2 - 2*u - 12. Give g(0).
-12
Let j(q) = 2*q**2 - 10*q + 10. Determine j(3).
-2
Let b(p) = 3*p**2 + 12*p + 12. Determine b(-1).
3
Let u(h) = -h**3 - 13*h**2 - 32*h - 10. Give u(-10).
10
Let j(d) = -93*d + 198. What is j(2)?
12
Let t(d) = -7*d - 161. What is t(-20)?
-21
Let j(v) = 4*v + 17. Determine j(12).
65
Let a(v) = 7*v + 23. What is a(-6)?
-19
Let u(k) = k**3 + 10*k**2 + 3*k + 13. Determine u(-10).
-17
Let q(f) = 3*f - 11. What is q(18)?
43
Let n(y) = -9*y + 32. Give n(22).
-166
Let l(a) = -8*a + 45. Give l(6).
-3
Let z(g) = -g + 8. Calculate z(12).
-4
Let j(c) = 3*c**2 - 29*c + 21. What is j(11)?
65
Let x(v) = v**2 - 10*v - 1. Determine x(10).
-1
Let k(h) = h + 3. Calculate k(-9).
-6
Let k(c) = c**3 - 17*c**2 + 17*c + 21. Give k(16).
37
Let p(y) = -12*y - 43. Calculate p(-4).
5
Let f(o) = o**2 + 10*o + 15. Determine f(-7).
-6
Let w(s) = -s**3 - 11*s**2 - s - 26. Determine w(-11).
-15
Let r(j) = -j**3 - 8*j**2 + 8*j + 14. Give r(-9).
23
Let t(b) = -3*b**2 + 3. Calculate t(3).
-24
Let w(r) = -r**3 - 5*r**2 + 3*r - 8. Determine w(-6).
10
Let q(t) = -t**3 + 11*t**2 - 11*t - 1. Give q(10).
-11
Let l(q) = q**3 - 4*q**2 + 5*q - 8. Give l(4).
12
Let k(z) = z**2 + 11*z - 11. Give k(-10).
-21
Let v(p) = p**3 + 7*p**2 - 8*p - 16. Calculate v(-7).
40
Let c(x) = 9*x**2 - x + 1. Determine c(1).
9
Let b(r) = 106*r - 107. Give b(1).
-1
Let c(y) = y**3 - 13*y**2 - 9*y - 71. Calculate c(14).
-1
Let a(p) = -2*p - 1. What is a(3)?
-7
Let l(m) = -m**2 + 10*m + 18. Give l(6).
42
Let m(l) = l**2 - 24*l - 48. What is m(25)?
-23
Let u(j) = 24*j + 6. Give u(0).
6
Let k(i) = -13*i. Determine k(0).
0
Let n(x) = 2*x**2 + 5*x + 15. Determine n(-6).
57
Let s(h) = -h**2 + 18*h - 49. Give s(14).
7
Let h(x) = 22*x - 242. Give h(11).
0
Let w(c) = -c + 15. Determine w(11).
4
Let o(s) = -s**2 - 22*s + 67. Determine o(-25).
-8
Let v(s) = -s**2 + 5*s + 40. Determine v(9).
4
Let d(x) = 7*x**2 - 2*x - 1. Calculate d(-1).
8
Let c(x) = -3*x + 17. Calculate c(7).
-4
Let r(q) = q**3 - 12*q**2 + q - 195. Determine r(13).
-13
Let l(x) = x**3 + 11*x**2 - x - 39. Calculate l(-11).
-28
Let i(f) = -f**2 + 17*f + 38. Determine i(21).
-46
Let m(h) = 2*h - 9. Determine m(3).
-3
Let i(l) = -l**2 - 10*l - 16. What is i(-3)?
5
Let l(a) = -a**3 - 14*a**2 + 15*a - 1. Give l(-15).
-1
Let x(y) = -y - 10. Give x(13).
-23
Let x(m) = m**2 - 30*m + 123. What is x(5)?
-2
Let t(s) = s**3 - 5*s**2 + 3*s + 9. Calculate t(4).
5
Let m(v) = 9*v + 92. Give m(-11).
-7
Let m(c) = c**3 - 5*c**2 - 15*c + 77. Determine m(4).
1
Let s(a) = -a**2 - 8*a - 4. What is s(-8)?
-4
Let g(x) = -x - 23. Calculate g(-18).
-5
Let o(v) = -v - 8. Give o(-7).
-1
Let f(z) = z**3 + 15*z**2 + 18*z + 55. Determine f(-14).
-1
Let i(o) = 8*o - 14. Give i(3).
10
Let p(s) = 2*s**2 + 15*s - 16. Calculate p(-8).
-8
Let z(j) = -14*j**2 + 350*j + 7. Determine z(25).
7
Let c(z) = -5*z. Determine c(-4).
20
Let o(v) = -v**2 + 5*v - 11. What is o(9)?
-47
Let u(t) = 5*t**3 - 5*t**2 + 6*t - 5. Determine u(3).
103
Let a(c) = 7*c + 4. Calculate a(6).
46
Let u(n) = n**3 - 3*n**2 - 10*n + 27. Calculate u(5).
27
Let g(k) = -2*k**2 - 8*k + 1. Give g(-4).
1
Let v(a) = -3*a**2 + a - 6. Calculate v(2).
-16
Let b(h) = 2*h**3 - 8*h**2 + h + 7. What is b(4)?
11
Let l(c) = -2*c + 10. Calculate l(4).
2
Let d(x) = x**3 - 9*x**2 - 14*x. What is d(11)?
88
Let q(m) = -m**2 - 3*m - 1. Determine q(-1).
1
Let p(w) = -w**2 + 6*w + 27. What is p(9)?
0
Let a(n) = n**3 + 5*n**2 - 2*n - 11. Determine a(-6).
-35
Let g(q) = q**2 + 21*q + 38. What is g(-2)?
0
Let s(m) = m**3 - 8*m**2 - m - 1. Calculate s(8).
-9
Let z(r) = r**2 + 13*r + 77. Give z(-11).
55
Let m(a) = -4*a**2 - 2*a - 1. What is m(-4)?
-57
Let u(y) = 37*y + 433. Calculate u(-12).
-11
Let o(p) = -p**3 + 18*p**2 - 16*p - 40. Calculate o(17).
-23
Let v(h) = -h**3 - 13*h**2 + 3. Determine v(-13).
3
Let f(q) = -q**3 + 10*q**2 + 6*q - 14. Calculate f(10).
46
Let u(q) = 4*q**2 + 8*q + 7. Determine u(-2).
7
Let y(f) = 29*f**2 + 4*f - 8. Calculate y(2).
116
Let a(r) = 2*r - 8. Determine a(-10).
-28
Let f(n) = -n**3 - 6*n**2 + 6*n + 2. Calculate f(-5).
-53
Let r(y) = -y**2 - 9*y + 2. Determine r(-14).
-68
Let l(v) = 26*v + 361. Give l(-14).
-3
Let w(h) = 30*h**3 + h**2. Determine w(1).
31
Let n(s) = -s**3 + 14*s**2 - s + 1. Calculate n(14).
-13
Let f(k) = -k**3 + 4*k**2 - 3*k + 8. Calculate f(4).
-4
Let k(i) = i**3 + i**2 - 6*i + 3. Calculate k(4).
59
Let y(z) = z**3 + 6*z**2 + 2*z - 4. Determine y(-4).
20
Let v(t) = -3*t**3 + t**2 - t - 4. Calculate v(-2).
26
Let n(h) = 6*h + 3. Give n(-2).
-9
Let q(p) = -5*p + 33. Determine q(11).
-22
Let w(f) = -2*f**2 - 11*f. What is w(-6)?
-6
Let h(b) = -2*b + 17. Determine h(6).
5
Let x(r) = 2*r + 7. Give x(0).
7
Let b(x) = -3*x**2 + 15*x + 1. What is b(4)?
13
Let f(o) = -160*o - 480. Determine f(-3).
0
Let j(t) = -t**3 - 5*t**2 + 5*t + 12. Give j(-3).
-21
Let y(o) = -o**3 - 2*o**2 - 3*o - 26. Calculate y(0).
-26
Let c(s) = -8*s - 13. Give c(-13).
91
Let i(m) = 10*m - 31. Determine i(-5).
-81
Let s(w) = -w**3 + 4*w**2 + 12*w + 10. Determine s(6).
10
Let q(l) = l**3 - l**2 - l - 12. What is q(0)?
-12
Let r(h) = -2*h**3 - 12*h**2 + 9*h - 4. Calculate r(-7).
31
Let f(l) = 2*l**3 - l**2 - 11*l - 4. Calculate f(-3).
-34
Let b(z) = -4*z + 21. Calculate b(5).
1
Let m(s) = s**2 + s + 2. Determine m(3).
14
Let d(x) = -x + 10. Give d(4).
6
Let m(x) = x**2 - 21*x - 13. What is m(21)?
-13
Let f(q) = q + 9. Give f(-10).
-1
Let r(q) = -47*q + 38. What is r(1)?
-9
Let i(j) = 8*j**2 - j - 2. Give i(-2).
32
Let v(a) = -a + 15. Determine v(3).
12
Let b(z) = 5*z + 44. Calculate b(-5).
19
Let k(b) = 7*b + 3. Determine k(-3).
-18
Let f(t) = 4*t - 1. Calculate f(-6).
-25
Let z(m) = m**3 + 4*m**2 + m - 1. Determine z(-4).
-5
Let n(w) = w**2 - 19*w + 82. Give n(8).
-6
Let m(y) = -4*y + 7. Calculate m(-12).
55
Let a(j) = -j**2 + 8*j + 33. Calculate a(6).
45
Let h(v) = v**2 + 45*v + 468. Give h(-29).
4
Let p(z) = -z**3 + 7*z**2 - 5*z - 3. Determine p(5).
22
Let t(o) = -2*o - 10. Give t(-8).
6
Let k(v) = 3*v**2 + 51*v + 24. What is k(-16)?
-24
Let a(o) = 22*o + 2. Calculate a(1).
24
Let r(s) = -5*s - 4. Determine r(4).
-24
Let c(l) = l**3 - 5*l**2 + 2*l. What is c(5)?
10
Let i(z) = -16*z + 337. Determine i(21).
1
Let u(h) = -h**3 - 6*h**2 - h - 11. What is u(-6)?
-5
Let i(u) = -u + 2. Calculate i(0).
2
Let h(s) = 4*s - 8. What is h(-6)?
-32
Let w(n) = -5*n + 3. Calculate w(13).
-62
Let o(n) = -n - 6. Calculate o(-11).
5
Let r(w) = 7*w**3 + 2*w**2 + 2*w + 1. Determine r(-1).
-6
Let f(p) = -p**3 + 15*p**2 - 13*p - 9. Give f(14).
5
Let k(t) = 9*t + 29. Give k(-7).
-34
Let g(